{"id":3814,"date":"2025-05-12T09:24:54","date_gmt":"2025-05-12T09:24:54","guid":{"rendered":"https:\/\/honold-kirchner2.ftl-it.info\/?page_id=3814"},"modified":"2025-06-26T10:53:42","modified_gmt":"2025-06-26T10:53:42","slug":"tht-bestueckung","status":"publish","type":"page","link":"https:\/\/honold-kirchner.de\/index.php\/tht-bestueckung\/","title":{"rendered":"THT-Best\u00fcckung"},"content":{"rendered":"\t\t<div data-elementor-type=\"wp-page\" data-elementor-id=\"3814\" class=\"elementor elementor-3814\">\n\t\t\t\t\t\t<section class=\"elementor-section elementor-top-section elementor-element elementor-element-7d43b79e elementor-section-boxed elementor-section-height-default elementor-section-height-default\" data-id=\"7d43b79e\" data-element_type=\"section\" data-e-type=\"section\" data-settings=\"{&quot;background_background&quot;:&quot;classic&quot;}\">\n\t\t\t\t\t\t<div class=\"elementor-container elementor-column-gap-default\">\n\t\t\t\t\t<div class=\"elementor-column elementor-col-100 elementor-top-column elementor-element elementor-element-6ce59a53\" data-id=\"6ce59a53\" data-element_type=\"column\" data-e-type=\"column\">\n\t\t\t<div class=\"elementor-widget-wrap elementor-element-populated\">\n\t\t\t\t\t\t<section class=\"elementor-section elementor-inner-section elementor-element elementor-element-72f01705 elementor-section-boxed elementor-section-height-default elementor-section-height-default\" data-id=\"72f01705\" data-element_type=\"section\" data-e-type=\"section\">\n\t\t\t\t\t\t<div class=\"elementor-container elementor-column-gap-no\">\n\t\t\t\t\t<div class=\"elementor-column elementor-col-50 elementor-inner-column elementor-element elementor-element-16b0f5d4 pos-sec2-left\" data-id=\"16b0f5d4\" data-element_type=\"column\" data-e-type=\"column\">\n\t\t\t<div class=\"elementor-widget-wrap elementor-element-populated\">\n\t\t\t\t\t\t<div class=\"elementor-element elementor-element-412a3d7c elementor-widget elementor-widget-image\" data-id=\"412a3d7c\" data-element_type=\"widget\" data-e-type=\"widget\" data-widget_type=\"image.default\">\n\t\t\t\t<div class=\"elementor-widget-container\">\n\t\t\t\t\t\t\t\t\t\t\t\t\t\t\t<img fetchpriority=\"high\" decoding=\"async\" width=\"800\" height=\"533\" src=\"https:\/\/honold-kirchner.de\/wp-content\/uploads\/2025\/06\/Fotolia_22203540_XL-1024x682.jpg\" class=\"attachment-large size-large wp-image-4926\" alt=\"\" srcset=\"https:\/\/honold-kirchner.de\/wp-content\/uploads\/2025\/06\/Fotolia_22203540_XL-1024x682.jpg 1024w, https:\/\/honold-kirchner.de\/wp-content\/uploads\/2025\/06\/Fotolia_22203540_XL-300x200.jpg 300w, https:\/\/honold-kirchner.de\/wp-content\/uploads\/2025\/06\/Fotolia_22203540_XL-768x512.jpg 768w, https:\/\/honold-kirchner.de\/wp-content\/uploads\/2025\/06\/Fotolia_22203540_XL-1536x1024.jpg 1536w, https:\/\/honold-kirchner.de\/wp-content\/uploads\/2025\/06\/Fotolia_22203540_XL-2048x1365.jpg 2048w\" sizes=\"(max-width: 800px) 100vw, 800px\" \/>\t\t\t\t\t\t\t\t\t\t\t\t\t\t\t<\/div>\n\t\t\t\t<\/div>\n\t\t\t\t\t<\/div>\n\t\t<\/div>\n\t\t\t\t<div class=\"elementor-column elementor-col-50 elementor-inner-column elementor-element elementor-element-1d8f6677 animated-slow pos-sec2-right elementor-invisible\" data-id=\"1d8f6677\" data-element_type=\"column\" data-e-type=\"column\" data-settings=\"{&quot;animation&quot;:&quot;fadeInUp&quot;}\">\n\t\t\t<div class=\"elementor-widget-wrap elementor-element-populated\">\n\t\t\t\t\t\t<div class=\"elementor-element elementor-element-2291f6c7 elementor-widget__width-initial elementor-widget elementor-widget-text-editor\" data-id=\"2291f6c7\" data-element_type=\"widget\" data-e-type=\"widget\" data-widget_type=\"text-editor.default\">\n\t\t\t\t<div class=\"elementor-widget-container\">\n\t\t\t\t\t\t\t\t\t<p>Im Bereich der Through-Hole-Technologie (THT) setzen wir auf eine Vielzahl moderner L\u00f6tverfahren, die flexibel auf die Anforderungen jedes Projekts angepasst werden. Unsere Verfahren wie Wellenl\u00f6ten, Selektivl\u00f6ten und Handl\u00f6ten sind mit fortschrittlichen \u00dcberwachungssystemen ausgestattet, die eine hohe Prozesssicherheit gew\u00e4hrleisten. Dies macht uns zu einem bevorzugten Partner f\u00fcr sicherheitsrelevante Branchen. Die manuelle Best\u00fcckung von THT- Bauteilen wird bei uns ausschlie\u00dflich von sehr gut geschulten Fachkr\u00e4ften durchgef\u00fchrt, um auch in diesem Bereich die bestm\u00f6glich Qualit\u00e4t zu gew\u00e4hrleisten.<\/p>\t\t\t\t\t\t\t\t<\/div>\n\t\t\t\t<\/div>\n\t\t\t\t\t<\/div>\n\t\t<\/div>\n\t\t\t\t\t<\/div>\n\t\t<\/section>\n\t\t\t\t\t<\/div>\n\t\t<\/div>\n\t\t\t\t\t<\/div>\n\t\t<\/section>\n\t\t\t\t<\/div>\n\t\t","protected":false},"excerpt":{"rendered":"","protected":false},"author":1,"featured_media":0,"parent":0,"menu_order":0,"comment_status":"closed","ping_status":"closed","template":"","meta":{"footnotes":""},"class_list":["post-3814","page","type-page","status-publish"],"_links":{"self":[{"href":"https:\/\/honold-kirchner.de\/index.php\/wp-json\/wp\/v2\/pages\/3814","targetHints":{"allow":["GET"]}}],"collection":[{"href":"https:\/\/honold-kirchner.de\/index.php\/wp-json\/wp\/v2\/pages"}],"about":[{"href":"https:\/\/honold-kirchner.de\/index.php\/wp-json\/wp\/v2\/types\/page"}],"author":[{"embeddable":true,"href":"https:\/\/honold-kirchner.de\/index.php\/wp-json\/wp\/v2\/users\/1"}],"replies":[{"embeddable":true,"href":"https:\/\/honold-kirchner.de\/index.php\/wp-json\/wp\/v2\/comments?post=3814"}],"version-history":[{"count":28,"href":"https:\/\/honold-kirchner.de\/index.php\/wp-json\/wp\/v2\/pages\/3814\/revisions"}],"predecessor-version":[{"id":5609,"href":"https:\/\/honold-kirchner.de\/index.php\/wp-json\/wp\/v2\/pages\/3814\/revisions\/5609"}],"wp:attachment":[{"href":"https:\/\/honold-kirchner.de\/index.php\/wp-json\/wp\/v2\/media?parent=3814"}],"curies":[{"name":"wp","href":"https:\/\/api.w.org\/{rel}","templated":true}]}}